 1175?
82
Calculate the remainder when 10362373 is divided by 6795.
6793
What is the remainder when 423405 is divided by 512?
493
Calculate the remainder when 8467124 is divided by 1127.
1100
What is the remainder when 24567 is divided by 2045?
27
Calculate the remainder when 68455 is divided by 10084.
7951
Calculate the remainder when 3547040 is divided by 376.
232
What is the remainder when 732970 is divided by 91?
56
What is the remainder when 11621134 is divided by 26?
18
Calculate the remainder when 84854 is divided by 58.
0
What is the remainder when 39293 is divided by 7651?
1038
Calculate the remainder when 701505 is divided by 231484.
7053
What is the remainder when 1377474 is divided by 1049?
137
What is the remainder when 2303057 is divided by 2013?
185
What is the remainder when 21487838 is divided by 96792?
14
What is the remainder when 416354 is divided by 5625?
104
Calculate the remainder when 1665939 is divided by 385.
44
What is the remainder when 7184487 is divided by 377?
375
Calculate the remainder when 120510802 is divided by 38.
34
Calculate the remainder when 207299 is divided by 1376.
899
Calculate the remainder when 8570629 is divided by 868.
865
Calculate the remainder when 591906 is divided by 31.
23
Calculate the remainder when 5455208 is divided by 688.
56
What is the remainder when 336093 is divided by 630?
303
Calculate the remainder when 599784 is divided by 13884.
2772
What is the remainder when 153307 is divided by 6967?
33
What is the remainder when 850095 is divided by 3295?
3280
Calculate the remainder when 11182070 is divided by 559103.
10
What is the remainder when 1155896 is divided by 52538?
60
Calculate the remainder when 2243525 is divided by 7872.
5
Calculate the remainder when 10865247 is divided by 384.
351
Calculate the remainder when 21707682 is divided by 486.
6
Calculate the remainder when 151510 is divided by 29995.
1535
Calculate the remainder when 1154154 is divided by 5444.
26
Calculate the remainder when 482219 is divided by 54.
53
Calculate the remainder when 265101 is divided by 52928.
461
What is the remainder when 291061 is divided by 7303?
6244
What is the remainder when 9534634 is divided by 2465?
14
What is the remainder when 200550 is divided by 50119?
74
What is the remainder when 182922 is divided by 1228?
1178
What is the remainder when 28725719 is divided by 120?
119
Calculate the remainder when 1399132 is divided by 1272.
1204
What is the remainder when 2148118 is divided by 126346?
236
Calculate the remainder when 172916 is divided by 172786.
130
Calculate the remainder when 481763 is divided by 54.
29
What is the remainder when 8718096 is divided by 70307?
28
Calculate the remainder when 98478 is divided by 32564.
786
Calculate the remainder when 115117 is divided by 57532.
53
What is the remainder when 466061393 is divided by 29?
15
Calculate the remainder when 538922 is divided by 89810.
62
Calculate the remainder when 246978 is divided by 82317.
27
What is the remainder when 470903 is divided by 812?
755
What is the remainder when 2022320 is divided by 31?
4
What is the remainder when 137532307 is divided by 302?
299
Calculate the remainder when 14853462 is divided by 18.
6
Calculate the remainder when 14512850 is divided by 136.
18
What is the remainder when 1347195644 is divided by 24?
20
What is the remainder when 195096 is divided by 24332?
440
What is the remainder when 1669969 is divided by 2793?
2548
What is the remainder when 2008613 is divided by 605?
13
What is the remainder when 234655 is divided by 21062?
2973
Calculate the remainder when 1227270 is divided by 188.
6
What is the remainder when 9757 is divided by 4080?
1597
Calculate the remainder when 2514134230 is divided by 69.
67
What is the remainder when 766813 is divided by 22553?
11
Calculate the remainder when 26600 is divided by 6508.
568
What is the remainder when 179042 is divided by 317?
254
What is the remainder when 2212111 is divided by 368685?
1
What is the remainder when 36269079 is divided by 1350?
1329
What is the remainder when 2358635 is divided by 2589?
56
Calculate the remainder when 50576045 is divided by 89.
15
What is the remainder when 17982522 is divided by 418198?
8
What is the remainder when 334698 is divided by 973?
959
Calculate the remainder when 6635 is divided by 3205.
225
Calculate the remainder when 1579958 is divided by 21066.
8
What is the remainder when 5264223 is divided by 115?
98
What is the remainder when 54587423 is divided by 731?
729
What is the remainder when 164269 is divided by 27303?
451
Calculate the remainder when 19718385 is divided by 19718311.
74
Calculate the remainder when 227182 is divided by 39.
7
Calculate the remainder when 75351 is divided by 254.
167
Calculate the remainder when 92957 is divided by 46398.
161
Calculate the remainder when 46808802 is divided by 1157.
53
Calculate the remainder when 154438 is divided by 49715.
5293
Calculate the remainder when 19661 is divided by 4722.
773
What is the remainder when 172075 is divided by 3245?
90
What is the remainder when 1913354 is divided by 2322?
26
What is the remainder when 183518 is divided by 22934?
46
What is the remainder when 30443596 is divided by 813?
811
Calculate the remainder when 28967 is divided by 94.
15
Calculate the remainder when 44898 is divided by 14474.
1476
What is the remainder when 86789 is divided by 2026?
1697
Calculate the remainder when 609930 is divided by 82.
14
What is the remainder when 194368795 is divided by 200?
195
Calculate the remainder when 8139182 is divided by 689.
25
What is the remainder when 10707217 is divided by 108?
97
Calculate the remainder when 56802828 is divided by 299.
4
Calculate the remainder when 252375 is divided by 815.
540
What is the remainder when 9855914 is divided by 8?
2
What is the remainder when 256977 is divided by 18244?
1561
What is the remainder when 1321069 is divided by 23169?
436
What is the remainder when 15480 is divided by 1?
0
Calculate the remainder when 17762 is divided by 8735.
292
What is the remainder when 93472650 is divided by 23368157?
22
What is the remainder when 193883 is divided by 64373?
764
Calculate the remainder when 42736803 is divided by 33.
21
What is the remainder when 65011 is divided by 1683?
1057
Calculate the remainder when 12171652 is divided by 11.
9
Calculate the remainder when 626047378 is divided by 36.
34
What is the remainder when 274552 is divided by 39201?
145
What is the remainder when 312307 is divided by 336?
163
Calculate the remainder when 70568 is divided by 4458.
3698
Calculate the remainder when 114635301 is divided by 1512.
1509
Calculate the remainder when 12284006 is divided by 64.
38
Calculate the remainder when 35777 is divided by 11439.
1460
What is the remainder when 10777642 is divided by 336798?
106
Calculate the remainder when 1027837 is divided by 342138.
1423
What is the remainder when 3793315 is divided by 2?
1
What is the remainder when 339418 is divided by 56474?
574
What is the remainder when 1010155 is divided by 168356?
19
What is the remainder when 259642 is divided by 129771?
100
What is the remainder when 9329417 is divided by 12?
5
Calculate the remainder when 4483230 is divided by 1723.
1707
Calculate the remainder when 1029840 is divided by 683.
559
What is the remainder when 166901 is divided by 927?
41
Calculate the remainder when 83370010 is divided by 957.
955
What is the remainder when 1401299 is divided by 810?
809
Calculate the remainder when 31344304 is divided by 307.
218
Calculate the remainder when 27252259 is divided by 37903.
2
Calculate the remainder when 266821 is divided by 550.
71
What is the remainder when 4601884 is divided by 51?
1
Calculate the remainder when 87382 is divided by 1676.
230
Calculate the remainder when 19037781 is divided by 6.
3
What is the remainder when 3929511 is divided by 280678?
19
Calculate the remainder when 6931637 is divided by 482.
477
Calculate the remainder when 3167086 is divided by 270.
256
What is the remainder when 4405 is divided by 2202?
1
What is the remainder when 5014534 is divided by 3639?
3631
Calculate the remainder when 10379047 is divided by 71.
54
Calculate the remainder when 1044512 is d